+ 92. Let i(k) = -k**3 + 5*k**2 - 5*k + 3. Let n be i(2). Calculate the highest common factor of n and f.
5
Let f = -2887 - -2897. Let r be 6*(-3)/9*-50. What is the highest common factor of f and r?
10
Suppose 4*b + 2*z = 3*z - 16, 2*b - 4*z + 22 = 0. Let k = b - -7. Let i be 180/18 + (2 - 10). Calculate the highest common divisor of k and i.
2
Let k = 118 + -81. Let z = 62 + k. Suppose -4*q + 21 = -23. What is the highest common divisor of z and q?
11
Let z(x) = 3*x + 1. Let w be z(-2). Let s(j) = j + 10. Let o be s(w). Let h be 3 + 9/(-3) + 35. Calculate the highest common divisor of h and o.
5
Let v be (0 - -4)*2/8. Let n be (0 + 1)/(v/(-3)). Let a be n + (3 - 59)/(-2). Calculate the highest common factor of 125 and a.
25
Let l be (-1 - 0)/(25/(-1075)). Calculate the greatest common factor of 817 and l.
43
Suppose 2*t = -0*t - 2*j + 38, 5*t - 95 = 4*j. Let c(r) = r**2 + 8*r + 5. Let w be c(-11). What is the greatest common factor of w and t?
19
Let x = -28 - -76. Suppose 4*v + 47 = 3*f, -3*f - 4*v + 17 + 14 = 0. Let t = -7 + f. Calculate the highest common factor of x and t.
6
Let u be ((-1062)/(4 + -1))/(5 - 6). Calculate the highest common divisor of 472 and u.
118
Let u be 0 - -3 - 35 - -3. Let d = 45 + u. Let y = 86 + -38. Calculate the highest common factor of y and d.
16
Suppose -21*r + 80 = -11*r. What is the highest common divisor of 112 and r?
8
Suppose 2*c = -0*c + 10. Suppose 44 = 2*j - 0*s - 2*s, -2*s = -j + 24. Let z be j*(-4 + (-76)/(-16)). What is the highest common factor of c and z?
5
Suppose -2 = -2*r + 8. Let l be 2/10 - (-24)/5. Suppose -3*t + q + 26 = -0*q, -l*t - r*q + 30 = 0. What is the greatest common divisor of t and 72?
8
Let n(p) = p + 3. Let o be n(-7). Let x = -7 - o. Let w be (-108)/(-16)*(-16)/x. What is the highest common divisor of w and 4?
4
Let j be 2/4*-2*5. Let w be 2/2*(6 + j). Let t be -3 + 6 + w/1. Calculate the highest common divisor of t and 32.
4
Let t be (1/(-1) - 1)/((-3)/12). Suppose -k = t - 12. Calculate the greatest common factor of k and 16.
4
Let s = 401 + -230. Suppose -2*b + 172 = -q + 2*q, -b = q - s. Calculate the highest common divisor of q and 10.
10
Let w be 133/114 + (-3)/18. Calculate the greatest common divisor of 1 and w.
1
Let v = -1096 + 1106. What is the greatest common divisor of 1210 and v?
10
Suppose -46 + 218 = 4*z - 3*w, -5*z + 5*w = -220. Suppose 11*d - 880 = 6*d. Let x be (d/33)/((-1)/(-3)). Calculate the highest common factor of x and z.
8
Let b be (1755/(-90))/((0 - -1)/(-14)). Calculate the greatest common factor of 21 and b.
21
Let s = 3 + -6. Let v(b) be the first derivative of -11*b**2 - 2*b - 16. Let p be v(s). What is the highest common factor of p and 8?
8
Let g = -1612 + 2105. Calculate the greatest common factor of g and 116.
29
Suppose 0 = 21*s + 36*s - 22515. Calculate the greatest common divisor of s and 5.
5
Let v be (-63)/(-21)*(-16*1)/(-1). What is the greatest common factor of 120 and v?
24
Let m(h) = 10*h - 1. Let g be m(1). Let d(p) = 92*p + 14. Let o be d(-9). Let z be o/(-18) + (-2)/g. What is the highest common factor of 5 and z?
5
Let h = 219 + -199. Calculate the highest common factor of h and 60.
20
Let w be -44*(-3)/(-12)*-2. Let p be 77*(2*342/84 + -5). What is the highest common divisor of w and p?
22
Suppose 425 = 10*h - 575. Suppose -5*y + 2*y = -12, 26 = 3*i - y. Calculate the greatest common divisor of i and h.
10
Suppose 7 = -4*j + 23. Let c(s) = -s + 8. Let t be c(j). Suppose d + 5*i + 14 = 0, 2*i = -4*d + t - 6. What is the highest common divisor of 9 and d?
1
Let v be (1404/(-144))/((-9)/60). What is the highest common divisor of 182 and v?
13
Suppose 0 = 4*x - 2*t - 1086, 0 = -2*x + 4*t - 0*t + 540. Suppose -3*u + 75 = -2*u + 3*i, 4*u + 5*i - x = 0. Calculate the highest common divisor of 9 and u.
9
Suppose -2*c = -4*z + 68, 2 - 54 = -4*z - 2*c. Calculate the highest common divisor of 60 and z.
15
Suppose 5*n - 38 + 3 = 0. Suppose 0 = -18*o + 81 - 9. Suppose -535 = -7*h + o. Calculate the greatest common factor of n and h.
7
Let l = -2768 - -2801. Let d be (0 + -4)*(-63)/12. Let z = d + 1. What is the greatest common factor of z and l?
11
Let o(x) = -18*x - 10. Let n be o(11). Let s be n/24*(-18 - 0). Let b be 1/(2/s*3). Calculate the greatest common divisor of b and 182.
26
Suppose 6*l + 0*l = -126. Let h = l - -11. Let x(c) = -c**3 - 11*c**2 - 12*c + 13. Let k be x(h). Calculate the highest common factor of 3 and k.
3
Let g be 0/1 + (-2304)/(-11 + 2). What is the greatest common factor of g and 8?
8
Let r(u) = -3*u**2 - 11*u - 3 + u**2 + u**2. Suppose 22*x - 20*x + 20 = 0. Let w be r(x). Calculate the greatest common factor of 63 and w.
7
Suppose -28*n = -43*n + 6750. Calculate the greatest common divisor of 180 and n.
90
Suppose -3*b + 14*b = 2860. Let w be 34/6*3 - -3. What is the greatest common divisor of w and b?
20
Let j(m) = -m**2 - 3*m + 40. Let r be j(0). Let p(z) = 6*z - 14. Let w be p(4). Calculate the highest common factor of w and r.
10
Let y = -711 - -743. Calculate the highest common divisor of 120 and y.
8
Let w(p) = -23*p + 39. Let v(d) = d. Let u(n) = -6*v(n) - w(n). Let h be u(3). What is the greatest common divisor of 108 and h?
12
Let m = 126 + -110. What is the highest common divisor of m and 16?
16
Let i = 49 - 6. Suppose v + 4*v = 10, -l = -v - i. What is the highest common factor of l and 75?
15
Let m be (-108)/45*(-40)/12. Calculate the highest common divisor of m and 58.
2
Let i(b) = -b - 17. Let h be i(-10). Let d be 64/(-6)*(-10 - h). Calculate the greatest common divisor of d and 8.
8
Let o = 12 - 7. Suppose -4*k + o*n + 10 = 0, 4*k - n + 0*n = 18. Calculate the highest common divisor of k and 5.
5
Let s(z) = -5*z**2 - z + 9. Let u(w) = -2*w**2 + 4. Let o(a) = -3*s(a) + 7*u(a). Let l be o(3). Calculate the highest common factor of 19 and l.
19
Let v(f) = -267*f**3 + 2*f**2 + 12*f + 5. Let r be v(-2). What is the highest common factor of r and 85?
85
Suppose 23 = 3*p + 4*w, -5*p = -3*p + 2*w - 12. Suppose 6*v = v + 5. What is the highest common factor of v and p?
1
Suppose 0 = -3*j + 39 + 459. Let l = -61 + j. Calculate the greatest common factor of l and 21.
21
Suppose 15 = -5*t + 110. What is the highest common factor of 38 and t?
19
Let z = 303 - 179. Let d be ((-3)/6)/((-2)/z). Calculate the highest common divisor of 31 and d.
31
Suppose 2*o = 3*o - 75. Let h(z) = -z**2 - 6*z + 18. Let p be h(-8). Let x be (-2 - -4)*14 + p. Calculate the highest common divisor of o and x.
15
Let h be 4 - -77 - (-4 - -1). Calculate the greatest common divisor of h and 36.
12
Suppose 6*s = -128 + 344. What is the highest common divisor of 234 and s?
18
Let f = -778 + 785. What is the highest common divisor of 791 and f?
7
Let z be (-52)/(-5) - (-2)/(-5). Let c(w) = 245*w + 2220. Let s be c(-9). Calculate the greatest common factor of s and z.
5
Let i(l) be the first derivative of l**3/3 + 4*l**2 + 8*l - 1. Suppose 5*j - 7*j = 18. Let f be i(j). Calculate the greatest common divisor of 170 and f.
17
Let t be (0 - 3)*(-672)/(-63). Let j = 41 + t. Calculate the highest common divisor of 18 and j.
9
Let a be 344/(-129)*6/(-4) + 945. Calculate the highest common factor of a and 26.
13
Suppose f + 5*w + 4 = 50, -4*f + 4*w + 184 = 0. What is the highest common divisor of f and 437?
23
Let w = 306 - 85. What is the greatest common divisor of 34 and w?
17
Suppose -85 = -7*y + 2*y. Let t = y + 27. Let q be (69/(-12) - -6)*44*1. Calculate the highest common factor of t and q.
11
Let q(f) = 2*f - 6. Let v be q(-9). Let w be 13 + (v/(-30))/((-6)/(-15)). What is the greatest common divisor of w and 135?
15
Suppose -3 = 3*q, i - 5*q - 90 = -10*q. Calculate the greatest common divisor of 15 and i.
5
Suppose 4*m - 4*d + 36 = 92, 2*d = -4*m + 44. What is the greatest common divisor of 3444 and m?
12
Suppose 20 = 2*k + 2*k. Let t(u) = -u**3 + 7*u**2 - 11*u + 1. Let m be t(k). Let q be (m/(-3) - -1)*3. Calculate the highest common factor of q and 63.
7
Let l = -22 + 18. Let x be 4*(l - 18/(-4)). Calculate the highest common divisor of x and 3.
1
Let m(y) = y**3 - 1 - 14270*y**2 + 14266*y**2 - 2*y + 6*y. Let h be -1 - 0 - -4 - 0. Let o be m(h). Calculate the highest common divisor of 16 and o.
2
Let c(m) = m + 18. Let a be c(-6). 